factor of o and 112.
16
Suppose 6*z = 23 + 37. What is the highest common factor of 10 and z?
10
Let d = 7 - 3. Suppose -d*u + 53 + 127 = 0. Let y = -10 + u. What is the greatest common factor of y and 7?
7
Let i(g) = g**2 + g - 5. Let j be i(0). Let o = 24 - 17. Let u = o + j. Calculate the highest common divisor of u and 18.
2
Suppose 102 = 5*k + 4*f, -3*k - 2*f + 27 = -33. Let b be 3 - 0 - 84/7. Let v be (b/(-2))/((-4)/(-8)). What is the highest common factor of v and k?
9
Let k be 1*-6*(-1)/3. Suppose k*j = -3*j. Suppose j = -4*g + 34 + 54. Calculate the greatest common divisor of g and 66.
22
Let i(v) = 28*v**2 - 3*v - 6. Let t be i(-2). Calculate the highest common divisor of t and 7.
7
Suppose 0 = -2*s - b + 57, 5*b - 69 = -2*s. Suppose 41 = m + 14. Let y = m - 18. What is the highest common factor of s and y?
9
Suppose -5*l - o - 9 = 0, l - o = 2*o - 5. Let w be (-1 + -5)*5/l. What is the greatest common factor of w and 165?
15
Suppose 4*q = 4 - 8. Let p = q - -4. Let x = 17 + p. What is the greatest common divisor of 50 and x?
10
Let h(c) = 11*c - 32. Let f be h(6). Calculate the greatest common divisor of f and 85.
17
Let b = -13 + 45. Suppose -4*a + b = -64. What is the highest common factor of a and 3?
3
Let l = 6 + -8. Let a be (-346)/(-10) - l/5. What is the greatest common factor of 7 and a?
7
Suppose 61*s - 66*s = -100. Calculate the highest common divisor of 60 and s.
20
Suppose 2*v + 5*w + 0 = 82, 3*w - 43 = -v. What is the greatest common divisor of v and 31?
31
Let j = 97 + 43. What is the greatest common divisor of j and 20?
20
Let r(y) = 5*y + 10. Let o be r(2). What is the greatest common factor of o and 8?
4
Let p = 2 + 26. Let x be 63*2/(-21)*-7. What is the greatest common divisor of p and x?
14
Suppose -10 = 3*g - 5*g. Let k(a) = -4*a - g + 8*a - 9*a. Let p be k(-4). Calculate the greatest common divisor of 120 and p.
15
Let b be (-2)/(-7) + (-164)/(-14). Let z(w) = 61*w**3 - w. Let f be z(1). Calculate the greatest common factor of b and f.
12
Suppose -4*o - 6 = 2*u - 22, o = 2*u + 14. Suppose -o*y + 6 = -3*y. Calculate the highest common divisor of y and 4.
2
Suppose 0 = -2*z - 0*z + 6. Suppose -q + 15 = 4*y, q + 10 = z*y - 2*y. What is the highest common divisor of 35 and y?
5
Let o be (5 + -2)*28/6. Let u = 88 - -24. What is the highest common factor of u and o?
14
Let u = -6 - -19. Suppose -j = j - 370. Let v = 302 - j. What is the highest common factor of u and v?
13
Suppose -u - 203 = -5*g, g - 4*u + 6*u - 34 = 0. What is the greatest common factor of g and 160?
40
Let p(b) = -3*b**3 - 3*b**2 - b + 1. Let z be p(-2). Let o be 21/5 - 3/z. Let g(s) = 5*s - 2. Let q be g(2). Calculate the highest common factor of o and q.
4
Let i be ((-1284)/6)/(4/(-2)). Suppose n - 45 = i. Suppose 5*l + 2*x - n = 0, 2*l = -3*l - 5*x + 155. Calculate the highest common divisor of 10 and l.
10
Let i(j) = 22*j + 4. Let p be i(6). Suppose c = -3*f + 23, f + 32 = 2*c - 0*f. Calculate the greatest common divisor of p and c.
17
Suppose 3*y = 7*u - 2*u - 37, -3*u + 2*y = -22. Calculate the greatest common divisor of u and 8.
8
Let w = 5 + 11. Let j = 29 - 29. Let n = 80 + j. Calculate the greatest common divisor of w and n.
16
Suppose 0 = -3*o + 2*y + 156, 0*o - 4*y = -o + 62. What is the highest common divisor of o and 75?
25
Let u(w) = -2*w**3 + w**2 - 3. Let b(l) = 2*l - 1. Let x be b(-1). Let m be u(x). Calculate the highest common divisor of m and 12.
12
Let p = -46 - -47. What is the greatest common factor of p and 5?
1
Suppose 0 = -x + k - 1, x + 4*x + 4*k + 32 = 0. Let u = -5 - x. Let m be (u + 1/(-3))*-3. What is the highest common factor of m and 24?
4
Let s be ((-28)/(-6) + -4)*21. What is the greatest common factor of s and 28?
14
Let f be (-5)/(-15)*-3*-7. Calculate the greatest common factor of f and 28.
7
Let l be -10*(-3)/2*(-8)/(-3). What is the highest common factor of l and 10?
10
Let a be (1 + -11)*6/(-4). Calculate the highest common factor of a and 10.
5
Suppose -q + 2*q - 4 = 0. Let o(p) = -p**2 - 25*p - 46. Let i be o(-23). Suppose i*v - q*v + 240 = 0. Calculate the greatest common divisor of v and 12.
12
Let c be 80/(-12)*6/(-4). What is the greatest common factor of 170 and c?
10
Let a = -109 - -123. Calculate the highest common factor of a and 42.
14
Let r(k) = k + 1. Let d be r(-4). Let b be (d + 3)*2/(-4). Suppose b*c + c = 11. Calculate the highest common factor of 22 and c.
11
Let j = 55 - 31. Calculate the highest common factor of 24 and j.
24
Let o be (-2 - -2) + (-208)/(-8). Calculate the highest common divisor of 39 and o.
13
Let s be (2 + ((-21)/(-9) - 2))*3. Calculate the highest common divisor of 91 and s.
7
Let u(x) be the first derivative of 12*x**2 - 2. Let a be u(4). Suppose 2*s - 7*s = -60. Calculate the highest common factor of s and a.
12
Let z(u) = u**2 - 2*u + 1. Let y be z(-2). Suppose 7*h - 3*h - 72 = 0. What is the greatest common divisor of h and y?
9
Suppose s + 25 = 5*u + 4*s, -3*u - s + 15 = 0. What is the greatest common factor of u and 15?
5
Let z = 3 + -2. Suppose -10 + z = 3*a. Let b be (-70)/a + (-6)/(-9). Calculate the greatest common factor of 3 and b.
3
Let p be 20/(-24)*(-1 - 5). Calculate the highest common factor of p and 40.
5
Let k(p) = p**3 + 3*p**2 - 4*p - 5. Let f be k(-4). Let r be 4*(-11)/10*f. Calculate the greatest common divisor of r and 220.
22
Suppose -12*u = -13*u + 8. Let h be (4/(-3))/(2/(-24)). Calculate the greatest common factor of u and h.
8
Suppose -3*m + m = -3*t - 49, -5*t + 5 = 0. Calculate the greatest common divisor of m and 208.
26
Let b = -42 + 24. Suppose 0 = -2*n + 7*n + 65. Let y = n - b. What is the greatest common factor of 10 and y?
5
Let p = -243 + 369. Let u = -297 + 315. What is the greatest common divisor of p and u?
18
Let l(a) = -a**3 - 5*a**2 - 3*a - 8. Let n be l(-5). What is the highest common divisor of 14 and n?
7
Let k(r) = -r**3 - 3*r**2 + 7*r + 5. Let v(t) = t**2 - 5 - 2 + 2 - 6*t. Let o be v(6). Let a be k(o). Calculate the greatest common factor of 80 and a.
20
Suppose 10 = 2*y, 4*b - 26 = -2*y - 0*y. What is the highest common divisor of b and 32?
4
Suppose -s + 1 = 3. Let l be -3 - -15*(-1 - s). What is the greatest common factor of l and 108?
12
Let m(h) = -h**3 - 11*h**2 + 11*h + 18. Let w be m(-12). Calculate the highest common divisor of 75 and w.
15
Suppose -3*f = -243 - 786. Let v = 483 - f. Calculate the greatest common divisor of 20 and v.
20
Let d = 41 + -31. Suppose -3*c + 2*c + 10 = 0. Calculate the highest common factor of c and d.
10
Let c = 9 - 9. Suppose -2*j = -6*j. Suppose 2*o + c*o - 144 = j. What is the greatest common divisor of 9 and o?
9
Let o(h) = -6*h**3 - 4*h**2 - 6*h - 5. Let c(t) = t**3 + t**2 + t. Let b(g) = -5*c(g) - o(g). Let n be b(0). Calculate the greatest common divisor of n and 5.
5
Let v(y) be the second derivative of -y**3 + 6*y. Let o be v(-2). Calculate the greatest common divisor of o and 36.
12
Let b be 2/(-2)*(-2 - 11). Suppose -116 = -2*m - 4*j, -3*m + 212 = 5*j + 43. Let o be m/30*65/2. Calculate the greatest common divisor of o and b.
13
Let r be 2/2*(14 - 21). Let u(o) be the second derivative of -o**4/12 - 4*o**3/3 + 4*o**2 - o. Let s be u(r). What is the greatest common factor of s and 45?
15
Let h be ((-14)/8 + 1)/((-21)/2352). What is the greatest common divisor of 36 and h?
12
Let b = -4 - -8. Suppose -3*s + 48 = -i, b*s = -i + 52 + 12. Let l be 23 - 4/(3 - 7). What is the greatest common divisor of s and l?
8
Let o(d) = 2*d**2 + 4*d + 3. Let k be o(-2). Let m be -1*2/(8/4) + 2. What is the highest common factor of k and m?
1
Let k be 2*-1 + (10 - 4). Suppose k*i = i + 9. Calculate the greatest common divisor of i and 15.
3
Let o be ((-5)/(-3))/(-5)*-18. Calculate the highest common factor of o and 42.
6
Let z be (-2)/5*(-69 + -1). Suppose 0 = 2*m + 2*q + z, 5*q - 1 = -m - 15. Let f = 20 + m. What is the greatest common divisor of 12 and f?
6
Let j(x) = x**3 + 10*x**2 + 2. Let v be j(-10). Suppose 0 = v*l + 2*l. Suppose 3*a + 1 - 28 = l. What is the highest common divisor of 45 and a?
9
Suppose 0 = -6*r + 33 + 123. Calculate the greatest common factor of r and 39.
13
Let u = 5 - 11. Let r(n) = -5*n**2 - 2*n**3 - 4*n**2 + 0 + 2. Let s be r(u). What is the highest commo